1011010001101110110101
36713674 (base 8) to base 2
11110111001011110111100
Convert -133010121 (base 4) to base 9.
-213506
8600a (base 16) to base 13
162aa1
-25125624 (base 8) to base 4
-111022232110
1010210212 (base 4) to base 6
10004154
What is 778735 (base 13) in base 15?
3a9d71
Convert 128771 (base 12) to base 16.
4a845
-d2ad7 (base 15) to base 6
-22145251
-2020222020 (base 4) to base 7
-4520634
Convert 276855 (base 9) to base 8.
512211
-656463 (base 8) to base 12
-a7703
1a812 (base 15) to base 14
235a8
Convert -3693 (base 12) to base 13.
-2a5a
What is 22bde (base 15) in base 16?
1b05c
What is -45954 (base 11) in base 15?
-149e7
What is -11021022020 (base 3) in base 16?
-14859
What is -44833 (base 9) in base 11?
-20466
What is -4920262 (base 11) in base 9?
-17104334
-1244460 (base 9) to base 8
-2456245
Convert 10002002011 (base 3) to base 13.
2174b
Convert 2130332 (base 5) to base 7.
210645
Convert 41076 (base 9) to base 10.
27042
-5c05b (base 13) to base 10
-169245
36010b (base 12) to base 9
1566782
Convert 525063 (base 7) to base 3.
11121021110
What is -1614255 (base 7) in base 6?
-4433350
-178e3 (base 16) to base 10
-96483
Convert -203130202103 (base 4) to base 10.
-9291923
What is -75a5 (base 11) in base 2?
-10011100110101
What is 3aba52 (base 12) in base 15?
143a7b
Convert -5103541 (base 6) to base 8.
-730365
101100010011101110011 (base 2) to base 13
3bab0c
1011101010110111111 (base 2) to base 15
78484
Convert 1100011011011010110000 (base 2) to base 4.
30123122300
Convert -14a763 (base 11) to base 5.
-24440331
What is -1112002020 (base 4) in base 8?
-1260210
Convert 41522327 (base 8) to base 3.
121121022021200
Convert -2674152 (base 10) to base 14.
-4d878c
What is 1364210 (base 8) in base 14?
a117a
455211133 (base 6) to base 9
16664433
What is 101212111210101 (base 3) in base 12?
1b27331
What is -16b307 (base 12) in base 13?
-109984
Convert -533436 (base 7) to base 10.
-92490
-144240003 (base 5) to base 7
-6403443
What is -111110001010101 (base 2) in base 15?
-966e
95226 (base 15) to base 2
1110011011110011010
What is -2422343 (base 5) in base 8?
-130444
a4a12 (base 14) to base 16
60f38
-334303141 (base 5) to base 6
-51405042
Convert -3615596 (base 10) to base 14.
-6a18cc
What is 85b5dc (base 15) in base 16?
612576
48b7a (base 13) to base 11
91569
228aaa4 (base 11) to base 8
17176472
Convert 2613470 (base 8) to base 13.
1c5aaa
-112110120110221 (base 3) to base 7
-122225662
-12120021200 (base 3) to base 11
-75348
-320331233 (base 4) to base 6
-5000115
Convert 110010111011001 (base 2) to base 11.
18653
-535060 (base 7) to base 3
-11201120021
What is 4010001 (base 6) in base 14?
4c6ad
Convert 32156717 (base 8) to base 14.
cac7cb
What is -3266601 (base 9) in base 4?
-12230313220
What is -168457 (base 13) in base 15?
-b133d
52216 (base 8) to base 4
11102032
-1222201101000 (base 3) to base 8
-4021050
Convert 2310355 (base 6) to base 4.
130310333
-2759445 (base 10) to base 8
-12415425
13364026 (base 7) to base 15
198324
Convert 121111022102 (base 3) to base 16.
4f418
Convert -2676499 (base 10) to base 6.
-133211111
183163 (base 10) to base 16
2cb7b
What is c6 (base 15) in base 2?
10111010
-a7d1d (base 15) to base 11
-33435a
What is 62868 (base 9) in base 15?
c48e
-1b3888 (base 13) to base 6
-22510423
Convert 1020212121220 (base 3) to base 13.
1a4645
What is -2222051 (base 6) in base 12?
-54927
20732 (base 12) to base 16
a616
What is -103112545 (base 6) in base 16?
-1be9b1
What is -20012302 (base 4) in base 14?
-c158
What is 102652 (base 10) in base 9?
165727
Convert 683a1b (base 16) to base 11.
3945a44
-11011083 (base 10) to base 8
-52002013
What is 377147 (base 12) in base 7?
10453255
What is 11174053 (base 9) in base 10?
5422350
Convert -1046620 (base 7) to base 2.
-11111101001010011
-13144044 (base 5) to base 2
-100000000001001101
Convert 3396b (base 15) to base 12.
7ab92
Convert -256869 (base 10) to base 6.
-5301113
Convert 104431024 (base 5) to base 16.
722b7
Convert 1201114143 (base 5) to base 11.
1611388
Convert 11311601 (base 8) to base 7.
26634400
What is 60a31 (base 16) in base 3?
202002222012
What is -44313 (base 11) in base 15?
-14095
What is 7b7b5 (base 12) in base 3?
22101202102
-355466 (base 14) to base 5
-431221041
What is 3121332010 (base 4) in base 6?
31045204
Convert -1562e49 (base 15) to base 11.
-8828328
Convert -17a689 (base 13) to base 14.
-116833
8167615 (base 11) to base 2
110111000011010011010100
Convert 43496 (base 13) to base 16.
1db22
What is 100011001000111011101101 (base 2) in base 11?
5221919
Convert -130220521 (base 7) to base 2.
-11111100100000010111010
Convert -1332312 (base 7) to base 15.
-372b0
Convert 14342131 (base 5) to base 3.
21202120221
What is -2660381 (base 9) in base 15?
-1db9dd
Convert -2531889 (base 10) to base 7.
-30343413
-1056301 (base 7) to base 2
-100000001100010100
What is 965294 (base 10) in base 4?
3223222232
Convert -1010860 (base 11) to base 7.
-21122413
What is -1434541 (base 8) in base 16?
-63961
What is 13273731 (base 8) in base 10?
2979801
What is -12210101212011 (base 3) in base 14?
-5a1c63
What is 2182360 (base 9) in base 14?
2288c6
Convert -510416 (base 11) to base 16.
-c84ad
-891 (base 16) to base 15
-9b3
Convert 3541772 (base 8) to base 14.
1b2918
Convert -392dd (base 14) to base 6.
-3002335
What is 5542a24 (base 11) in base 6?
544241322
Convert -36905 (base 14) to base 9.
-223082
What is -752b (base 16) in base 3?
-1112010221
42059 (base 12) to base 4
111013011
Convert b4be (base 16) to base 6.
554114
What is -31321012112 (base 4) in base 16?
-379196
-231994 (base 10) to base 15
-48b14
71037 (base 10) to base 13
26445
What is -3343513 (base 9) in base 8?
-6674176
Convert -65d6d9 (base 14) to base 10.
-3456063
Convert -200205 (base 6) to base 9.
-23385
-5c3a7 (base 13) to base 10
-169813
What is 4220531 (base 6) in base 8?
620247
What is -164842 (base 10) in base 4?
-220033222
Convert -31200131032 (base 4) to base 15.
-49e1e4
What is -4006899 (base 10) in base 2?
-1111010010001111110011
-1a6a9a (base 12) to base 9
-783121
1419568 (base 12) to base 15
545985
-1193bc (base 14) to base 11
-381071
Convert 102124030 (base 5) to base 15.
866b0
509159 (base 10) to base 5
112243114
-2a916a (base 12) to base 13
-1c3114
Convert 512121 (base 6) to base 13.
15676
Convert -23473232 (base 8) to base 5.
-2304022140
550022 (base 8) to base 9
310770
What is -1030311111 (base 4) in base 14?
-82993
Convert -633855 (base 10) to base 2.
-10011010101111111111
Convert -5975397 (base 10) to base 3.
-102020120201000
222212220211 (base 3) to base 2
10000001001100101011
What is -1a5a65 (base 16) in base 10?
-1727077
Convert 67add (base 16) to base 5.
102042134
Convert 195694 (base 10) to base 12.
952ba
What is -683262 (base 9) in base 8?
-1437143
Convert 53321030 (base 6) to base 8.
5762152
What is b89a6 (base 14) in base 11?
285463
What is -447267 (base 9) in base 13?
-94b55
What is -926797 (base 10) in base 3?
-1202002022211
Convert -2b5093 (base 14) to base 7.
-15565243
-63694 (base 15) to base 16
-4cfe4
33749 (base 15) to base 13
59640
Convert -52306741 (base 8) to base 6.
-1034100001
Convert -1090573 (base 13) to base 8.
-23313175
9a525 (base 11) to base 5
14130321
What is 3688241 (base 13) in base 5?
13320022030
-15503 (base 11) to base 9
-33037
-1466410 (base 8) to base 12
-183860
What is 814d1 (base 15) in base 7?
3323536
-111511021 (base 6) to base 12
-828471
Convert -130136361 (base 7) to base 10.
-8261688
What is 1200132200 (base 4) in base 3?
202002001212
What is 2044b (base 14) in base 12?
38b57
What is 11100020212100 (base 3) in base 12?
933723
What is -645641 (base 9) in base 15?
-78ec1
a941e2 (base 16) to base 4
222110013202
What is 11000110010011011000 (base 2) in base 6?
25224224
What is -123486 (base 10) in base 7?
-1023006
Convert -11102011010112 (base 3) to base 4.
-20330211020
1a44e (base 15) to base 6
1455045
Convert 185813 (base 10) to base 5.
21421223
What is 77455 (base 9) in base 16?
c8cc
Convert -1201210011012 (base 3) to base 7.
-10553444
Convert 4815564 (base 10) to base 12.
1742950
Convert -1210322 (base 7) to base 15.
-308a2
What is 3300166 (base 8) in base 9?
1587711
1256a5 (base 15) to base 2
11010110100110011101
132ab48 (base 12) to base 10
3792872
-1434040034 (ba